. Suppose 0 = -s + x*s - 855. Calculate the greatest common divisor of 19 and s.
19
Let z = 124 - -36. Suppose r + 2*h = 4*h + z, 5*r = 5*h + 800. Calculate the highest common factor of 16 and r.
16
Suppose h + 3*h - 4*u - 16 = 0, -8 = h - 4*u. Calculate the greatest common divisor of h and 24.
8
Let n be -2 + 0 + -3 + 9. Suppose 0 = n*g - 0*g - 16. Suppose g*y - 2*c = -c + 76, -2*c = -2*y + 32. What is the highest common divisor of 8 and y?
4
Suppose -4*v + 5*n = -6, -5*v + v - 2*n + 20 = 0. Let s be v/1 - 1*-61. Calculate the greatest common divisor of s and 13.
13
Suppose -3*g + 1 - 10 = 0. Let t(c) = c**3 + 8*c**2 + c - 2. Let w be t(g). What is the highest common divisor of 16 and w?
8
Let s(x) = -x - 1. Let z be s(-9). Suppose 0 = -q + 8. What is the highest common divisor of q and z?
8
Suppose 3*v = -3*b + 108, -3*b + 4*b + 5*v = 56. What is the greatest common divisor of b and 31?
31
Suppose -5*b + 31 + 1 = 3*g, 0 = g - b. Suppose 16 = 2*j - 3*k - 163, -4*k - 352 = -g*j. What is the greatest common factor of j and 17?
17
Let q(o) = -o**3 - 4*o**2 + 3*o - 6. Let w be q(-5). Suppose 12 = -w*n + 108. Calculate the highest common divisor of 60 and n.
12
Let g = 18 - 15. Let h be 14 + (1 - 2)*g. What is the highest common factor of h and 11?
11
Suppose -6*h = -16 + 4. What is the highest common divisor of 3 and h?
1
Suppose -68 = -2*m + k - 5*k, -5*k - 5 = 0. Calculate the highest common divisor of m and 24.
12
Let k be 16*26/4 + 1. Let y be (4 + 21/(-3))*-14. Calculate the greatest common factor of k and y.
21
Suppose 124 = 4*i + 12. Calculate the greatest common divisor of i and 252.
28
Suppose 798 = 6*u + 168. What is the greatest common factor of 42 and u?
21
Suppose -2*j + 715 = 3*j. What is the highest common factor of 13 and j?
13
Let l = 2 + 0. Suppose 68 = 2*j - j + 4*f, 3*j + l*f = 184. What is the highest common factor of 15 and j?
15
Suppose 29 = -2*z + 4*v - 5*v, -z = -2*v + 17. Let m be z/((-1 + 4)/(-3)). Calculate the highest common factor of 30 and m.
15
Let s(o) = -o**2 + 20. Suppose 0*j = -4*j. Let f be s(j). Calculate the greatest common factor of 4 and f.
4
Let k(o) = o**3 - 13*o**2 - 15*o + 14. Let r be k(14). Suppose -4*n - 4*c + 40 = -0*c, r = 4*c. What is the greatest common divisor of n and 5?
5
Let r = -1 + 6. Let t = -6 - -11. Calculate the greatest common divisor of t and r.
5
Let z(m) = 37*m**3 - m**2 + m - 1. Let g be z(1). What is the highest common divisor of 8 and g?
4
Suppose p - 2*p + 5*g = 2, 14 = 4*p + 2*g. Let w be (0 + p + -2)*-21. Let b be (-78)/w - (-2)/7. What is the greatest common divisor of 4 and b?
4
Let p be (-3 - -5 - 10)*-4. Calculate the greatest common factor of 8 and p.
8
Let j(l) = -l**2 - 9*l - 10. Let p be j(-8). Let q = 9 - p. What is the greatest common divisor of q and 33?
11
Suppose 3*g = -3*u - 18, -4*g - 17 + 65 = -5*u. Let x(z) = z**2 + 7*z - 7. Let b be x(u). What is the greatest common divisor of 8 and b?
1
Suppose 2*s - 52 = -z, 3*s + 3*z + 119 = 8*s. What is the highest common divisor of s and 75?
25
Let h be (-1 - (-46)/10)/((-4)/(-10)). What is the highest common divisor of 1 and h?
1
Suppose 5*w = 0, -2*h - 4*w = -7 - 9. Calculate the highest common divisor of h and 24.
8
Let m(h) = 9*h**2 - h - 4*h**2 + h**3 + 2 + 5*h. Let a be m(-4). Suppose -d = 5*s - 28, 2 + 2 = -a*d + 5*s. What is the greatest common factor of d and 8?
8
Suppose 4*r - 140 = 2*r. Calculate the highest common factor of r and 14.
14
Let b(l) = -l**3 + 8*l**2 + 4. Let j be b(8). What is the greatest common factor of 44 and j?
4
Suppose -d + 38 = h, d = h - 3*d - 13. Calculate the greatest common factor of h and 22.
11
Suppose -1 + 49 = 4*b. What is the greatest common divisor of b and 6?
6
Let z be 0/((-2)/3*3). Suppose z*l + 294 = 3*l. Let g(s) = s**2 - s + 2. Let a be g(-3). Calculate the greatest common divisor of l and a.
14
Let z be ((-2)/3)/(2/(-15)). Let x = -19 - -13. Let t be 4/x*(-3)/2. What is the greatest common divisor of t and z?
1
Let k be 9/15 - (-2)/5. Let r = 7 + k. Suppose -2*m + 1 = -1. What is the highest common factor of r and m?
1
Suppose 2*d - 10 = 6. Suppose 5*l - d*l = -96. What is the highest common divisor of l and 16?
16
Let p(y) = y**2 - 8*y - 15. Let l be p(10). Calculate the greatest common divisor of l and 2.
1
Let f = 331 + -321. Let s = 48 + -18. What is the greatest common factor of s and f?
10
Let z(p) = p**2 - 6*p - 11. Let f be z(-5). Suppose 5*i - 55 = -0*i. Calculate the greatest common divisor of i and f.
11
Let u(w) = -w**3 - 20*w**2 + w + 22. Let f be u(-20). What is the greatest common factor of f and 11?
1
Let j = 45 + -41. What is the greatest common divisor of j and 16?
4
Let u = 6 + 0. Suppose -4*h + 2*h + 10 = 0. Suppose -h*s + 4*f + 26 = -0*f, 3*s - 2*f - 16 = 0. What is the greatest common divisor of s and u?
6
Let o be 1/9 + (-35)/(-9). Calculate the highest common factor of 20 and o.
4
Suppose 2*p - 26 = 5*k, -2*p + 45 = -k + 3. Calculate the highest common factor of 161 and p.
23
Suppose 2*l = -3*g + 141, 5*l - 6 = 3*l. What is the greatest common divisor of 75 and g?
15
Let b be -4*(1 + (-38)/(-8)*-1). Suppose -4*f + 1 = -3, -42 = -4*a - 2*f. Let c be 4/6*b/a. What is the highest common factor of 1 and c?
1
Let o = -30 - -12. Let f = o + 29. Let k be (1 + (-7)/(-4))*4. What is the highest common factor of f and k?
11
Suppose -5*f - v = -623, 5*v + 246 = 3*f - 139. Calculate the greatest common factor of f and 25.
25
Let q(s) be the third derivative of 11*s**4/24 - 3*s**3/2 - s**2. Let a be q(7). Let h = -47 + a. What is the highest common divisor of h and 3?
3
Suppose -2*c = -0*c - 150. What is the greatest common divisor of 15 and c?
15
Let y(u) = -10*u - 6. Let v be y(-6). Let p = -37 + v. What is the highest common factor of p and 17?
17
Let x = 3 + 0. Suppose -4*z - x*l = -30, 2*z + 10 = 3*l + 34. What is the greatest common divisor of z and 27?
9
Let k = 21 - 16. Suppose k*v = -4 + 14. What is the greatest common factor of 6 and v?
2
Let i(v) = 9*v - 1. Let z be i(1). Let u = 10 - z. Calculate the greatest common divisor of u and 4.
2
Suppose a + 3*a = 400. Suppose 0 = -d - 4*t - 23, 5*t + 48 = -3*d + 14. Let n be (4/d)/(2/(-30)). What is the greatest common divisor of n and a?
20
Suppose -4*n = -2*n - 30. What is the greatest common divisor of n and 60?
15
Let t be 2/4*(11 + -7). Let z be 3 - (-8 - (t + -1)). Calculate the greatest common divisor of 48 and z.
12
Let z(x) = -x**2 + 8*x - 1. Let k be z(6). Suppose -5*d = -22 - 198. What is the highest common factor of d and k?
11
Let x(f) = f + 39. Let t be x(-9). Calculate the highest common divisor of 5 and t.
5
Let v be 2 + (-2)/(-1) - 2. Suppose -3*r + l - 11 = -91, 40 = v*r + 2*l. Calculate the greatest common factor of r and 175.
25
Suppose 3*c + d = 24 + 13, -5 = d. What is the highest common factor of c and 56?
14
Let z = 36 - -27. What is the greatest common factor of z and 9?
9
Let p be (-2030)/(-15) - (-3 + 21/9). What is the greatest common factor of 17 and p?
17
Suppose 16 = -q + 2*q. Suppose -15*s = 29*s - 1760. What is the highest common factor of q and s?
8
Let b(r) = 15*r**2 + 2*r. Let z be b(-2). Let u = z + -6. What is the highest common divisor of 10 and u?
10
Let r = 70 + 46. Suppose 3*g - f = r, -4 = 5*f + 6. Suppose z + 5*p = -3 - 4, z = 4*p + g. Calculate the greatest common divisor of z and 9.
9
Let p be (0/(-3) - -1)*2. Suppose -w + p = -0. Suppose -12 = -6*b + w*b. What is the greatest common factor of 24 and b?
3
Suppose x - 2*x = -2. Suppose 0 = -2*q - x*g + 92, -3*q + 2*g - 1 + 149 = 0. Calculate the greatest common divisor of 8 and q.
8
Let t be -2*(-62)/2*7 + -2. Calculate the highest common divisor of 48 and t.
48
Let n be 9*(0 + 1)*-1. Suppose -f - 4*l + 3 = 0, 16*f - 4*l - 52 = 12*f. Let g = n + f. Calculate the greatest common divisor of 18 and g.
2
Suppose 6*s - 3*s = 6. Suppose 0*a - 4*k + 304 = a, 0 = -2*a - k + 580. Suppose -2*z + a = s*z. What is the greatest common divisor of z and 8?
8
Suppose m + 7 = 2*x - 0*x, -3*x = -3*m - 9. Let k be x/(-2) - (-1 + -26). Let j be 17/3 + 2/(-3). What is the highest common divisor of k and j?
5
Suppose 5*x = o - 11, o + 0*x = 2*x + 17. What is the highest common factor of o and 189?
21
Let r(h) = h**3 - 4*h**2 - 5